{"id":9,"date":"2021-01-01T09:08:55","date_gmt":"2021-01-01T08:08:55","guid":{"rendered":"http:\/\/sommeval.fr\/?page_id=9"},"modified":"2021-02-03T17:29:01","modified_gmt":"2021-02-03T16:29:01","slug":"calendrier-de-collecte","status":"publish","type":"page","link":"https:\/\/sommeval.fr\/ancien\/calendrier-de-collecte\/","title":{"rendered":"Collecte de vos d\u00e9chets"},"content":{"rendered":"<h2 class=\"\" style=\"text-align: center;\"><\/h2>\n<h2 class=\"\" style=\"text-align: center;\"><img decoding=\"async\" src=\"https:\/\/image.jimcdn.com\/app\/cms\/image\/transf\/dimension=82x10000:format=gif\/path\/s4611b673b4b33862\/image\/iaea042efc2052cc3\/version\/1497281085\/image.gif\" alt=\"\" \/><\/h2>\n<h2 class=\"\" style=\"text-align: center;\"><span style=\"color: #008000;\"><strong>Toutes les collectes sont g\u00e9r\u00e9es par Troyes Champagne M\u00e9tropole<\/strong><\/span><\/h2>\n<div id=\"cc-m-8765539086\" class=\"j-module n j-text \">\n<p style=\"text-align: center;\"><strong>Troyes Champagne M\u00e9tropole<\/strong><\/p>\n<p style=\"text-align: center;\">1, place Robert Galley<\/p>\n<p style=\"text-align: center;\">10000 TROYES<\/p>\n<p style=\"text-align: center;\">T\u00e9l : 03.25.45.27.27<\/p>\n<p style=\"text-align: center;\">Service de collecte des d\u00e9chets m\u00e9nagers<\/p>\n<p style=\"text-align: center;\">T\u00e9l : 03.25.45.27.30<\/p>\n<p style=\"text-align: center;\">collectedechets@troyes-cm.fr<\/p>\n<p style=\"text-align: center;\">du lundi au vendredi de 8h30 \u00e0 12h et de 13h30 \u00e0 17h<\/p>\n<\/div>\n<div id=\"cc-m-8765539786\" class=\"j-module n j-text \">\n<h2 style=\"text-align: center;\"><span style=\"color: #008000;\"><strong>Conseils pratiques<\/strong><\/span><\/h2>\n<h2 style=\"text-align: center;\"><a href=\"http:\/\/www.sommeval.fr\/wp-content\/uploads\/2016\/01\/calendrier-collecte.pdf\" rel=\"\">calendrier collecte<\/a>\u00a02021<\/h2>\n<\/div>\n<div id=\"cc-m-8765539886\" class=\"j-module n j-hr \"><\/div>\n<div id=\"cc-m-8765539986\" class=\"j-module n j-hgrid \">\n<div class=\"cc-m-hgrid-column\">\n<div id=\"cc-matrix-2172133686\">\n<div id=\"cc-m-8765540086\" class=\"j-module n j-text \">\n<p><span style=\"color: #ff0000;\">D\u00e9chets m\u00e9nagers<\/span><\/p>\n<\/div>\n<\/div>\n<\/div>\n<div class=\"cc-m-hgrid-separator\" data-display=\"cms-only\">\u00a0Collecte : JEUDI SEMAINES PAIRES<\/div>\n<div class=\"cc-m-hgrid-column last\">\n<div id=\"cc-matrix-2172133786\">\n<div id=\"cc-m-8765540186\" class=\"j-module n j-text \">\n<p>Bac \u00e0 couvercle \u00ab\u00a0rouge\u00a0\u00bb (fourni par TCM)\u00a0 Sortir le bac la veille au soir<\/p>\n<p>Aucun sac d&rsquo;ordures m\u00e9nag\u00e8res ne doit \u00eatre pr\u00e9sent\u00e9 \u00e0 la collecte en dehors du bac.<\/p>\n<p><span style=\"color: #00ff00;\">D\u00e9chets\u00a0verts<\/span><\/p>\n<\/div>\n<\/div>\n<\/div>\n<\/div>\n<div id=\"cc-m-8765540386\" class=\"j-module n j-hgrid \">\n<div class=\"cc-m-hgrid-separator\" data-display=\"cms-only\">\u00a0Collecte : VENDREDI du 02\/04 au 2611<\/div>\n<div class=\"cc-m-hgrid-column last\">\n<div id=\"cc-matrix-2172133986\">\n<div id=\"cc-m-8765540586\" class=\"j-module n j-text \">\n<p>Bac \u00e0 couvercle \u00ab\u00a0vert\u00a0\u00bb. Sortir les d\u00e9chets la veille au soir;<\/p>\n<p>Jusqu &lsquo; \u00e0 4 fagots ficel\u00e9s de petits branchages (1m20 max) peuvent \u00eatre plac\u00e9s \u00e0 c\u00f4t\u00e9 du bac.<\/p>\n<\/div>\n<\/div>\n<\/div>\n<\/div>\n<div id=\"cc-m-8765539186\" class=\"j-module n j-hgrid \">\n<div class=\"cc-m-hgrid-column\">\u00a0<span style=\"color: #ff6600;\">D\u00e9chets recyclables &#8211; Tri<\/span><\/div>\n<div class=\"cc-m-hgrid-column\">\u00a0Collecte : LUNDI semaines impaires\u00a0 sortir les sacs la veille au soir<\/div>\n<div class=\"cc-m-hgrid-separator\" data-display=\"cms-only\">\n<p>\u00a0sac translucide jaune.<\/p>\n<p>Des cartons pli\u00e9s peuvent \u00eatre d\u00e9pos\u00e9s \u00e0 c\u00f4t\u00e9 du bac ou sac de tri jaune.<\/p>\n<div id=\"cc-m-8765541486\" class=\"j-module n j-hgrid \">\n<div class=\"cc-m-hgrid-separator\" data-display=\"cms-only\">\u00a0Les sacs sont disponibles en mairie, aux heures d&rsquo;ouverture du secr\u00e9tariat de mairie.<\/div>\n<div class=\"cc-m-hgrid-column last\">\n<div id=\"cc-matrix-2172134386\">\n<div id=\"cc-m-8765541686\" class=\"j-module n j-text \">\n<p>D\u00e9chets recyclables : voir liste ci-dessous (Tri s\u00e9lectif) et sur les sacs<\/p>\n<\/div>\n<\/div>\n<\/div>\n<div class=\"cc-m-hgrid-overlay\" data-display=\"cms-only\"><strong>TRIER TOUS NOS D\u00c9CHETS, UNE N\u00c9CESSIT\u00c9\u00a0!<\/strong><\/div>\n<\/div>\n<div id=\"cc-m-8765542986\" class=\"j-module n j-hgrid \">\n<div class=\"cc-m-hgrid-column last\">\n<div id=\"cc-matrix-2172134986\">\n<div id=\"cc-m-8765543086\" class=\"j-module n j-text \">\n<p>BIEN TRIER SES D\u00c9CHETS,<\/p>\n<p>C\u2019EST EN MA\u00ceTRISER LES CO\u00dbTS ET DONC AUSSI VOTRE REDEVANCE.<\/p>\n<p>C\u2019EST AUSSI PERMETTRE LEUR RECYCLAGE<\/p>\n<p>ET DONC DES \u00c9CONOMIES DE MATI\u00c8RES PREMI\u00c8RES.<\/p>\n<\/div>\n<\/div>\n<\/div>\n<div class=\"cc-m-hgrid-overlay\" data-display=\"cms-only\">\u00a0<a rel=\"lightbox\" data-href=\"https:\/\/image.jimcdn.com\/app\/cms\/image\/transf\/dimension=origxorig:format=jpg\/path\/s4611b673b4b33862\/image\/i78c899776718a65f\/version\/1497281087\/que-mettre-dans-les-sacs-jaunes.jpg\" data-index=\"0\"><img decoding=\"async\" id=\"cc-m-imagesubtitle-image-8765543286\" class=\"\" src=\"https:\/\/image.jimcdn.com\/app\/cms\/image\/transf\/dimension=372x10000:format=jpg\/path\/s4611b673b4b33862\/image\/i78c899776718a65f\/version\/1497281087\/que-mettre-dans-les-sacs-jaunes.jpg\" sizes=\"(min-width: 372px) 372px, 100vw\" srcset=\"https:\/\/image.jimcdn.com\/app\/cms\/image\/transf\/dimension=320x10000:format=jpg\/path\/s4611b673b4b33862\/image\/i78c899776718a65f\/version\/1497281087\/que-mettre-dans-les-sacs-jaunes.jpg 320w, https:\/\/image.jimcdn.com\/app\/cms\/image\/transf\/dimension=372x10000:format=jpg\/path\/s4611b673b4b33862\/image\/i78c899776718a65f\/version\/1497281087\/que-mettre-dans-les-sacs-jaunes.jpg 372w, https:\/\/image.jimcdn.com\/app\/cms\/image\/transf\/dimension=640x10000:format=jpg\/path\/s4611b673b4b33862\/image\/i78c899776718a65f\/version\/1497281087\/que-mettre-dans-les-sacs-jaunes.jpg 640w, https:\/\/image.jimcdn.com\/app\/cms\/image\/transf\/dimension=744x10000:format=jpg\/path\/s4611b673b4b33862\/image\/i78c899776718a65f\/version\/1497281087\/que-mettre-dans-les-sacs-jaunes.jpg 744w\" alt=\"Que mettre dans les sacs jaunes ?\" data-src-width=\"1190\" data-src-height=\"265\" data-src=\"https:\/\/image.jimcdn.com\/app\/cms\/image\/transf\/dimension=372x10000:format=jpg\/path\/s4611b673b4b33862\/image\/i78c899776718a65f\/version\/1497281087\/que-mettre-dans-les-sacs-jaunes.jpg\" data-image-id=\"6197074386\" \/><\/a><\/div>\n<\/div>\n<div id=\"cc-m-8765543186\" class=\"j-module n j-hgrid \">\n<div class=\"cc-m-hgrid-column\">\n<div id=\"cc-matrix-2172135086\">\n<div id=\"cc-m-8765543286\" class=\"j-module n j-imageSubtitle \">\n<div class=\"cc-clear\">\u00a0<a rel=\"lightbox\" data-href=\"https:\/\/image.jimcdn.com\/app\/cms\/image\/transf\/dimension=origxorig:format=jpg\/path\/s4611b673b4b33862\/image\/i52733ada4e44dd9a\/version\/1497281088\/que-mettre-dans-les-conteneurs-%C3%A0-papier.jpg\" data-index=\"0\"><img decoding=\"async\" id=\"cc-m-imagesubtitle-image-8765543386\" class=\"\" src=\"https:\/\/image.jimcdn.com\/app\/cms\/image\/transf\/dimension=372x10000:format=jpg\/path\/s4611b673b4b33862\/image\/i52733ada4e44dd9a\/version\/1497281088\/que-mettre-dans-les-conteneurs-%C3%A0-papier.jpg\" sizes=\"(min-width: 372px) 372px, 100vw\" srcset=\"https:\/\/image.jimcdn.com\/app\/cms\/image\/transf\/dimension=320x10000:format=jpg\/path\/s4611b673b4b33862\/image\/i52733ada4e44dd9a\/version\/1497281088\/que-mettre-dans-les-conteneurs-%C3%A0-papier.jpg 320w, https:\/\/image.jimcdn.com\/app\/cms\/image\/transf\/dimension=372x10000:format=jpg\/path\/s4611b673b4b33862\/image\/i52733ada4e44dd9a\/version\/1497281088\/que-mettre-dans-les-conteneurs-%C3%A0-papier.jpg 372w, https:\/\/image.jimcdn.com\/app\/cms\/image\/transf\/dimension=640x10000:format=jpg\/path\/s4611b673b4b33862\/image\/i52733ada4e44dd9a\/version\/1497281088\/que-mettre-dans-les-conteneurs-%C3%A0-papier.jpg 640w, https:\/\/image.jimcdn.com\/app\/cms\/image\/transf\/dimension=744x10000:format=jpg\/path\/s4611b673b4b33862\/image\/i52733ada4e44dd9a\/version\/1497281088\/que-mettre-dans-les-conteneurs-%C3%A0-papier.jpg 744w\" alt=\"Que mettre dans les conteneurs \u00e0 papier ?\" data-src-width=\"1192\" data-src-height=\"271\" data-src=\"https:\/\/image.jimcdn.com\/app\/cms\/image\/transf\/dimension=372x10000:format=jpg\/path\/s4611b673b4b33862\/image\/i52733ada4e44dd9a\/version\/1497281088\/que-mettre-dans-les-conteneurs-%C3%A0-papier.jpg\" data-image-id=\"6197074486\" \/><\/a><\/div>\n<\/div>\n<div id=\"cc-m-8765543386\" class=\"j-module n j-imageSubtitle \">\n<div class=\"cc-clear\">\u00a0<a rel=\"lightbox\" data-href=\"https:\/\/image.jimcdn.com\/app\/cms\/image\/transf\/dimension=origxorig:format=jpg\/path\/s4611b673b4b33862\/image\/i0948c85373624cc4\/version\/1497281088\/que-mettre-dans-les-conteneurs-%C3%A0-verre.jpg\" data-index=\"0\"><img decoding=\"async\" id=\"cc-m-imagesubtitle-image-8765543486\" class=\"\" src=\"https:\/\/image.jimcdn.com\/app\/cms\/image\/transf\/dimension=372x10000:format=jpg\/path\/s4611b673b4b33862\/image\/i0948c85373624cc4\/version\/1497281088\/que-mettre-dans-les-conteneurs-%C3%A0-verre.jpg\" sizes=\"(min-width: 372px) 372px, 100vw\" srcset=\"https:\/\/image.jimcdn.com\/app\/cms\/image\/transf\/dimension=320x10000:format=jpg\/path\/s4611b673b4b33862\/image\/i0948c85373624cc4\/version\/1497281088\/que-mettre-dans-les-conteneurs-%C3%A0-verre.jpg 320w, https:\/\/image.jimcdn.com\/app\/cms\/image\/transf\/dimension=372x10000:format=jpg\/path\/s4611b673b4b33862\/image\/i0948c85373624cc4\/version\/1497281088\/que-mettre-dans-les-conteneurs-%C3%A0-verre.jpg 372w, https:\/\/image.jimcdn.com\/app\/cms\/image\/transf\/dimension=640x10000:format=jpg\/path\/s4611b673b4b33862\/image\/i0948c85373624cc4\/version\/1497281088\/que-mettre-dans-les-conteneurs-%C3%A0-verre.jpg 640w, https:\/\/image.jimcdn.com\/app\/cms\/image\/transf\/dimension=744x10000:format=jpg\/path\/s4611b673b4b33862\/image\/i0948c85373624cc4\/version\/1497281088\/que-mettre-dans-les-conteneurs-%C3%A0-verre.jpg 744w\" alt=\"Que mettre dans les conteneurs \u00e0 verre ?\" data-src-width=\"1187\" data-src-height=\"267\" data-src=\"https:\/\/image.jimcdn.com\/app\/cms\/image\/transf\/dimension=372x10000:format=jpg\/path\/s4611b673b4b33862\/image\/i0948c85373624cc4\/version\/1497281088\/que-mettre-dans-les-conteneurs-%C3%A0-verre.jpg\" data-image-id=\"6197074586\" \/><\/a><\/div>\n<\/div>\n<div id=\"cc-m-8765543486\" class=\"j-module n j-imageSubtitle \">\n<div class=\"cc-clear\">\u00a0<a rel=\"lightbox\" data-href=\"https:\/\/image.jimcdn.com\/app\/cms\/image\/transf\/dimension=origxorig:format=jpg\/path\/s4611b673b4b33862\/image\/i3e3385f1535adbfe\/version\/1497281088\/autres-infos-pratiques.jpg\" data-index=\"0\"><img decoding=\"async\" id=\"cc-m-imagesubtitle-image-8765543586\" class=\"\" src=\"https:\/\/image.jimcdn.com\/app\/cms\/image\/transf\/dimension=372x10000:format=jpg\/path\/s4611b673b4b33862\/image\/i3e3385f1535adbfe\/version\/1497281088\/autres-infos-pratiques.jpg\" sizes=\"(min-width: 372px) 372px, 100vw\" srcset=\"https:\/\/image.jimcdn.com\/app\/cms\/image\/transf\/dimension=320x10000:format=jpg\/path\/s4611b673b4b33862\/image\/i3e3385f1535adbfe\/version\/1497281088\/autres-infos-pratiques.jpg 320w, https:\/\/image.jimcdn.com\/app\/cms\/image\/transf\/dimension=372x10000:format=jpg\/path\/s4611b673b4b33862\/image\/i3e3385f1535adbfe\/version\/1497281088\/autres-infos-pratiques.jpg 372w, https:\/\/image.jimcdn.com\/app\/cms\/image\/transf\/dimension=640x10000:format=jpg\/path\/s4611b673b4b33862\/image\/i3e3385f1535adbfe\/version\/1497281088\/autres-infos-pratiques.jpg 640w, https:\/\/image.jimcdn.com\/app\/cms\/image\/transf\/dimension=744x10000:format=jpg\/path\/s4611b673b4b33862\/image\/i3e3385f1535adbfe\/version\/1497281088\/autres-infos-pratiques.jpg 744w\" alt=\"Autres infos pratiques...\" data-src-width=\"1192\" data-src-height=\"198\" data-src=\"https:\/\/image.jimcdn.com\/app\/cms\/image\/transf\/dimension=372x10000:format=jpg\/path\/s4611b673b4b33862\/image\/i3e3385f1535adbfe\/version\/1497281088\/autres-infos-pratiques.jpg\" data-image-id=\"6197074686\" \/><\/a><\/div>\n<\/div>\n<div id=\"cc-m-8765543586\" class=\"j-module n j-imageSubtitle \"><\/div>\n<\/div>\n<\/div>\n<div class=\"cc-m-hgrid-separator\" data-display=\"cms-only\">\u00a0<a rel=\"lightbox\" data-href=\"https:\/\/image.jimcdn.com\/app\/cms\/image\/transf\/dimension=origxorig:format=jpg\/path\/s4611b673b4b33862\/image\/i22a1e5f98169b5a6\/version\/1497281088\/que-mettre-dans-les-poubelles-m%C3%A9nag%C3%A8res.jpg\" data-index=\"0\"><img decoding=\"async\" id=\"cc-m-imagesubtitle-image-8765543686\" class=\"\" src=\"https:\/\/image.jimcdn.com\/app\/cms\/image\/transf\/dimension=155x10000:format=jpg\/path\/s4611b673b4b33862\/image\/i22a1e5f98169b5a6\/version\/1497281088\/que-mettre-dans-les-poubelles-m%C3%A9nag%C3%A8res.jpg\" sizes=\"(min-width: 155px) 155px, 100vw\" srcset=\"https:\/\/image.jimcdn.com\/app\/cms\/image\/transf\/dimension=155x10000:format=jpg\/path\/s4611b673b4b33862\/image\/i22a1e5f98169b5a6\/version\/1497281088\/que-mettre-dans-les-poubelles-m%C3%A9nag%C3%A8res.jpg 155w, https:\/\/image.jimcdn.com\/app\/cms\/image\/transf\/dimension=310x10000:format=jpg\/path\/s4611b673b4b33862\/image\/i22a1e5f98169b5a6\/version\/1497281088\/que-mettre-dans-les-poubelles-m%C3%A9nag%C3%A8res.jpg 310w\" alt=\"Que mettre dans les poubelles m\u00e9nag\u00e8res ?\" data-src-width=\"499\" data-src-height=\"1076\" data-src=\"https:\/\/image.jimcdn.com\/app\/cms\/image\/transf\/dimension=155x10000:format=jpg\/path\/s4611b673b4b33862\/image\/i22a1e5f98169b5a6\/version\/1497281088\/que-mettre-dans-les-poubelles-m%C3%A9nag%C3%A8res.jpg\" data-image-id=\"6197074786\" \/><\/a><\/div>\n<div class=\"cc-m-hgrid-column last\"><\/div>\n<div class=\"cc-m-hgrid-overlay\" data-display=\"cms-only\"><\/div>\n<\/div>\n<div id=\"cc-m-8765543786\" class=\"j-module n j-spacing \"><\/div>\n<\/div>\n<div class=\"cc-m-hgrid-column\">\n<div id=\"cc-matrix-2172133486\">\n<div id=\"cc-m-8765539386\" class=\"j-module n j-text \">\n<p>&nbsp;<\/p>\n<p style=\"text-align: center;\">\n<\/div>\n<\/div>\n<\/div>\n<div class=\"cc-m-hgrid-separator\" data-display=\"cms-only\"><\/div>\n<div class=\"cc-m-hgrid-column last\"><\/div>\n<div class=\"cc-m-hgrid-overlay\" data-display=\"cms-only\"><\/div>\n<\/div>\n","protected":false},"excerpt":{"rendered":"<p>Toutes les collectes sont g\u00e9r\u00e9es par Troyes Champagne M\u00e9tropole Troyes Champagne M\u00e9tropole 1, place Robert Galley 10000 TROYES T\u00e9l : 03.25.45.27.27 Service de collecte des d\u00e9chets m\u00e9nagers T\u00e9l : 03.25.45.27.30 collectedechets@troyes-cm.fr du lundi au vendredi de 8h30 \u00e0 12h et de 13h30 \u00e0 17h Conseils pratiques calendrier collecte\u00a02021 D\u00e9chets m\u00e9nagers \u00a0Collecte : JEUDI SEMAINES PAIRES Bac \u00e0 couvercle \u00ab\u00a0rouge\u00a0\u00bb (fourni par TCM)\u00a0 Sortir le bac la veille au soir Aucun sac d&rsquo;ordures m\u00e9nag\u00e8res ne doit \u00eatre pr\u00e9sent\u00e9 \u00e0 la collecte en dehors du bac. D\u00e9chets\u00a0verts \u00a0Collecte : VENDREDI du 02\/04 au 2611 Bac \u00e0 couvercle \u00ab\u00a0vert\u00a0\u00bb. Sortir les d\u00e9chets la &hellip; <a href=\"https:\/\/sommeval.fr\/ancien\/calendrier-de-collecte\/\" class=\"more-link\">Continuer la lecture<span class=\"screen-reader-text\"> de &laquo;&nbsp;Collecte de vos d\u00e9chets&nbsp;&raquo;<\/span><\/a><\/p>\n","protected":false},"author":3,"featured_media":0,"parent":0,"menu_order":0,"comment_status":"closed","ping_status":"closed","template":"","meta":{"footnotes":""},"class_list":["post-9","page","type-page","status-publish","hentry"],"_links":{"self":[{"href":"https:\/\/sommeval.fr\/ancien\/wp-json\/wp\/v2\/pages\/9","targetHints":{"allow":["GET"]}}],"collection":[{"href":"https:\/\/sommeval.fr\/ancien\/wp-json\/wp\/v2\/pages"}],"about":[{"href":"https:\/\/sommeval.fr\/ancien\/wp-json\/wp\/v2\/types\/page"}],"author":[{"embeddable":true,"href":"https:\/\/sommeval.fr\/ancien\/wp-json\/wp\/v2\/users\/3"}],"replies":[{"embeddable":true,"href":"https:\/\/sommeval.fr\/ancien\/wp-json\/wp\/v2\/comments?post=9"}],"version-history":[{"count":18,"href":"https:\/\/sommeval.fr\/ancien\/wp-json\/wp\/v2\/pages\/9\/revisions"}],"predecessor-version":[{"id":914,"href":"https:\/\/sommeval.fr\/ancien\/wp-json\/wp\/v2\/pages\/9\/revisions\/914"}],"wp:attachment":[{"href":"https:\/\/sommeval.fr\/ancien\/wp-json\/wp\/v2\/media?parent=9"}],"curies":[{"name":"wp","href":"https:\/\/api.w.org\/{rel}","templated":true}]}}